{"id":6,"date":"2012-07-19T20:26:13","date_gmt":"2012-07-19T18:26:13","guid":{"rendered":"http:\/\/www.guyot-architecture.ch\/test\/?page_id=6"},"modified":"2012-07-19T20:26:13","modified_gmt":"2012-07-19T18:26:13","slug":"qui-sommes-nous","status":"publish","type":"page","link":"https:\/\/www.vidourle.com\/web\/qui-sommes-nous\/","title":{"rendered":"Notre entreprise, qui sommes-nous ?"},"content":{"rendered":"<h3 style=\"text-align: center;\">NOTRE ENTREPRISE<\/h3>\n<p>Vidourle Ing\u00e9nierie Immobili\u00e8re met \u00e0 la disposition de ses clients une \u00e9quipe pluridisciplinaire exp\u00e9riment\u00e9e et sp\u00e9cialis\u00e9e pour l&rsquo;informer objectivement sur les implications techniques, juridiques, \u00e9conomiques et financi\u00e8res du patrimoine \u00e0 analyser.<\/p>\n<p>L&rsquo;\u00e9quipe de Vidourle sa ing\u00e9nierie est l\u00e0 pour:<\/p>\n<ul>\n<li>L&rsquo;accompagner dans ses d\u00e9marches et dans ses d\u00e9cisions.<\/li>\n<li>Lui simplifier la vie.<\/li>\n<li>Que son r\u00eave s&rsquo;ancre dans la r\u00e9alit\u00e9 d&rsquo;un d\u00e9veloppement, d&rsquo;une gestion qui se r\u00e9alise dans l\u2019ad\u00e9quation de:\n<ul>\n<li>ses attentes,<\/li>\n<li>de ses moyens et<\/li>\n<li>de ses besoins.<\/li>\n<\/ul>\n<\/li>\n<\/ul>\n<p>&nbsp;<\/p>\n<h3 style=\"text-align: center;\">NOTRE TRAVAIL<\/h3>\n<p>Notre travail est la ma\u00eetrise des projets immobiliers par des approches multicrit\u00e8res dans une vision globale des processus qui conduisent \u00e0 la satisfaction des objectifs fix\u00e9s.<\/p>\n<p>&nbsp;<\/p>\n<h3 style=\"text-align: center;\">NOTRE PHILOSOPHIE<\/h3>\n<p>Est d&rsquo;utiliser dans le cadre d&rsquo;un compagnonnage intellectuel, les meilleures comp\u00e9tences au meilleur moment lors de la meilleure situation.<\/p>\n","protected":false},"excerpt":{"rendered":"<p>NOTRE ENTREPRISE Vidourle Ing\u00e9nierie Immobili\u00e8re met \u00e0 la disposition de ses clients une \u00e9quipe pluridisciplinaire exp\u00e9riment\u00e9e et sp\u00e9cialis\u00e9e pour l&rsquo;informer objectivement sur les implications techniques, juridiques, \u00e9conomiques et financi\u00e8res du patrimoine \u00e0 analyser. L&rsquo;\u00e9quipe de Vidourle sa ing\u00e9nierie est l\u00e0 pour: L&rsquo;accompagner dans ses d\u00e9marches et dans ses d\u00e9cisions. Lui simplifier la vie. Que son [&hellip;]<\/p>\n","protected":false},"author":2,"featured_media":0,"parent":0,"menu_order":0,"comment_status":"closed","ping_status":"closed","template":"","meta":{"_uag_custom_page_level_css":"","site-sidebar-layout":"default","site-content-layout":"","ast-site-content-layout":"default","site-content-style":"default","site-sidebar-style":"default","ast-global-header-display":"","ast-banner-title-visibility":"","ast-main-header-display":"","ast-hfb-above-header-display":"","ast-hfb-below-header-display":"","ast-hfb-mobile-header-display":"","site-post-title":"","ast-breadcrumbs-content":"","ast-featured-img":"","footer-sml-layout":"","theme-transparent-header-meta":"","adv-header-id-meta":"","stick-header-meta":"","header-above-stick-meta":"","header-main-stick-meta":"","header-below-stick-meta":"","astra-migrate-meta-layouts":"default","ast-page-background-enabled":"default","ast-page-background-meta":{"desktop":{"background-color":"","background-image":"","background-repeat":"repeat","background-position":"center center","background-size":"auto","background-attachment":"scroll","background-type":"","background-media":"","overlay-type":"","overlay-color":"","overlay-opacity":"","overlay-gradient":""},"tablet":{"background-color":"","background-image":"","background-repeat":"repeat","background-position":"center center","background-size":"auto","background-attachment":"scroll","background-type":"","background-media":"","overlay-type":"","overlay-color":"","overlay-opacity":"","overlay-gradient":""},"mobile":{"background-color":"","background-image":"","background-repeat":"repeat","background-position":"center center","background-size":"auto","background-attachment":"scroll","background-type":"","background-media":"","overlay-type":"","overlay-color":"","overlay-opacity":"","overlay-gradient":""}},"ast-content-background-meta":{"desktop":{"background-color":"var(--ast-global-color-5)","background-image":"","background-repeat":"repeat","background-position":"center center","background-size":"auto","background-attachment":"scroll","background-type":"","background-media":"","overlay-type":"","overlay-color":"","overlay-opacity":"","overlay-gradient":""},"tablet":{"background-color":"var(--ast-global-color-5)","background-image":"","background-repeat":"repeat","background-position":"center center","background-size":"auto","background-attachment":"scroll","background-type":"","background-media":"","overlay-type":"","overlay-color":"","overlay-opacity":"","overlay-gradient":""},"mobile":{"background-color":"var(--ast-global-color-5)","background-image":"","background-repeat":"repeat","background-position":"center center","background-size":"auto","background-attachment":"scroll","background-type":"","background-media":"","overlay-type":"","overlay-color":"","overlay-opacity":"","overlay-gradient":""}},"footnotes":""},"uagb_featured_image_src":{"full":false,"thumbnail":false,"medium":false,"medium_large":false,"large":false,"1536x1536":false,"2048x2048":false},"uagb_author_info":{"display_name":"guyot","author_link":"https:\/\/www.vidourle.com\/web\/author\/guyot\/"},"uagb_comment_info":0,"uagb_excerpt":"NOTRE ENTREPRISE Vidourle Ing\u00e9nierie Immobili\u00e8re met \u00e0 la disposition de ses clients une \u00e9quipe pluridisciplinaire exp\u00e9riment\u00e9e et sp\u00e9cialis\u00e9e pour l&rsquo;informer objectivement sur les implications techniques, juridiques, \u00e9conomiques et financi\u00e8res du patrimoine \u00e0 analyser. L&rsquo;\u00e9quipe de Vidourle sa ing\u00e9nierie est l\u00e0 pour: L&rsquo;accompagner dans ses d\u00e9marches et dans ses d\u00e9cisions. Lui simplifier la vie. Que son\u2026","_links":{"self":[{"href":"https:\/\/www.vidourle.com\/web\/wp-json\/wp\/v2\/pages\/6"}],"collection":[{"href":"https:\/\/www.vidourle.com\/web\/wp-json\/wp\/v2\/pages"}],"about":[{"href":"https:\/\/www.vidourle.com\/web\/wp-json\/wp\/v2\/types\/page"}],"author":[{"embeddable":true,"href":"https:\/\/www.vidourle.com\/web\/wp-json\/wp\/v2\/users\/2"}],"replies":[{"embeddable":true,"href":"https:\/\/www.vidourle.com\/web\/wp-json\/wp\/v2\/comments?post=6"}],"version-history":[{"count":0,"href":"https:\/\/www.vidourle.com\/web\/wp-json\/wp\/v2\/pages\/6\/revisions"}],"wp:attachment":[{"href":"https:\/\/www.vidourle.com\/web\/wp-json\/wp\/v2\/media?parent=6"}],"curies":[{"name":"wp","href":"https:\/\/api.w.org\/{rel}","templated":true}]}}