{"id":208,"date":"2012-09-24T10:01:49","date_gmt":"2012-09-24T09:01:49","guid":{"rendered":"http:\/\/www.vidourle.com\/test\/?page_id=208"},"modified":"2012-09-24T10:01:49","modified_gmt":"2012-09-24T09:01:49","slug":"gestion-du-patrimoine-bati","status":"publish","type":"page","link":"https:\/\/www.vidourle.com\/web\/services\/gestion-du-patrimoine-bati\/","title":{"rendered":"Gestion du Patrimoine B\u00e2ti"},"content":{"rendered":"<h3>OBJECTIFS<\/h3>\n<ol>\n<li>La connaissance et la ma\u00eetrise du parc b\u00e2ti<\/li>\n<li>L&rsquo;audit des besoins et des objectifs des propri\u00e9taires et des utilisateurs<\/li>\n<li>L&rsquo;organisation et la planification de l\u2019exploitation<\/li>\n<li>La gestion financi\u00e8re des investissements<\/li>\n<\/ol>\n<h3>PRESTATIONS<\/h3>\n<ol>\n<li>L&rsquo;analyse et l&rsquo;\u00e9tude des besoins et des objectifs<\/li>\n<li>L&rsquo;\u00e9valuation des performances de gestion informatis\u00e9e du parc b\u00e2ti (SIP)<\/li>\n<li>LA mise en place d&rsquo;un syst\u00e8me d&rsquo;information g\u00e9ographique<\/li>\n<li>La gestion des surfaces<\/li>\n<li>La gestion du mobilier et des \u00e9quipements<\/li>\n<li>La gestion de la maintenance, de la surveillance et des entretiens<\/li>\n<li>La gestion des r\u00e9novations<\/li>\n<li>La gestion financi\u00e8re des investissements (durabilit\u00e9 et optimisation des rendements)<\/li>\n<li>La mise en place du syst\u00e8me d\u00e9cisionnel<\/li>\n<\/ol>\n","protected":false},"excerpt":{"rendered":"<p>OBJECTIFS La connaissance et la ma\u00eetrise du parc b\u00e2ti L&rsquo;audit des besoins et des objectifs des propri\u00e9taires et des utilisateurs L&rsquo;organisation et la planification de l\u2019exploitation La gestion financi\u00e8re des investissements PRESTATIONS L&rsquo;analyse et l&rsquo;\u00e9tude des besoins et des objectifs L&rsquo;\u00e9valuation des performances de gestion informatis\u00e9e du parc b\u00e2ti (SIP) LA mise en place d&rsquo;un [&hellip;]<\/p>\n","protected":false},"author":2,"featured_media":0,"parent":8,"menu_order":0,"comment_status":"closed","ping_status":"closed","template":"","meta":{"_uag_custom_page_level_css":"","site-sidebar-layout":"default","site-content-layout":"","ast-site-content-layout":"default","site-content-style":"default","site-sidebar-style":"default","ast-global-header-display":"","ast-banner-title-visibility":"","ast-main-header-display":"","ast-hfb-above-header-display":"","ast-hfb-below-header-display":"","ast-hfb-mobile-header-display":"","site-post-title":"","ast-breadcrumbs-content":"","ast-featured-img":"","footer-sml-layout":"","theme-transparent-header-meta":"","adv-header-id-meta":"","stick-header-meta":"","header-above-stick-meta":"","header-main-stick-meta":"","header-below-stick-meta":"","astra-migrate-meta-layouts":"default","ast-page-background-enabled":"default","ast-page-background-meta":{"desktop":{"background-color":"","background-image":"","background-repeat":"repeat","background-position":"center center","background-size":"auto","background-attachment":"scroll","background-type":"","background-media":"","overlay-type":"","overlay-color":"","overlay-opacity":"","overlay-gradient":""},"tablet":{"background-color":"","background-image":"","background-repeat":"repeat","background-position":"center center","background-size":"auto","background-attachment":"scroll","background-type":"","background-media":"","overlay-type":"","overlay-color":"","overlay-opacity":"","overlay-gradient":""},"mobile":{"background-color":"","background-image":"","background-repeat":"repeat","background-position":"center center","background-size":"auto","background-attachment":"scroll","background-type":"","background-media":"","overlay-type":"","overlay-color":"","overlay-opacity":"","overlay-gradient":""}},"ast-content-background-meta":{"desktop":{"background-color":"var(--ast-global-color-5)","background-image":"","background-repeat":"repeat","background-position":"center center","background-size":"auto","background-attachment":"scroll","background-type":"","background-media":"","overlay-type":"","overlay-color":"","overlay-opacity":"","overlay-gradient":""},"tablet":{"background-color":"var(--ast-global-color-5)","background-image":"","background-repeat":"repeat","background-position":"center center","background-size":"auto","background-attachment":"scroll","background-type":"","background-media":"","overlay-type":"","overlay-color":"","overlay-opacity":"","overlay-gradient":""},"mobile":{"background-color":"var(--ast-global-color-5)","background-image":"","background-repeat":"repeat","background-position":"center center","background-size":"auto","background-attachment":"scroll","background-type":"","background-media":"","overlay-type":"","overlay-color":"","overlay-opacity":"","overlay-gradient":""}},"footnotes":""},"uagb_featured_image_src":{"full":false,"thumbnail":false,"medium":false,"medium_large":false,"large":false,"1536x1536":false,"2048x2048":false},"uagb_author_info":{"display_name":"guyot","author_link":"https:\/\/www.vidourle.com\/web\/author\/guyot\/"},"uagb_comment_info":0,"uagb_excerpt":"OBJECTIFS La connaissance et la ma\u00eetrise du parc b\u00e2ti L&rsquo;audit des besoins et des objectifs des propri\u00e9taires et des utilisateurs L&rsquo;organisation et la planification de l\u2019exploitation La gestion financi\u00e8re des investissements PRESTATIONS L&rsquo;analyse et l&rsquo;\u00e9tude des besoins et des objectifs L&rsquo;\u00e9valuation des performances de gestion informatis\u00e9e du parc b\u00e2ti (SIP) LA mise en place d&rsquo;un\u2026","_links":{"self":[{"href":"https:\/\/www.vidourle.com\/web\/wp-json\/wp\/v2\/pages\/208"}],"collection":[{"href":"https:\/\/www.vidourle.com\/web\/wp-json\/wp\/v2\/pages"}],"about":[{"href":"https:\/\/www.vidourle.com\/web\/wp-json\/wp\/v2\/types\/page"}],"author":[{"embeddable":true,"href":"https:\/\/www.vidourle.com\/web\/wp-json\/wp\/v2\/users\/2"}],"replies":[{"embeddable":true,"href":"https:\/\/www.vidourle.com\/web\/wp-json\/wp\/v2\/comments?post=208"}],"version-history":[{"count":0,"href":"https:\/\/www.vidourle.com\/web\/wp-json\/wp\/v2\/pages\/208\/revisions"}],"up":[{"embeddable":true,"href":"https:\/\/www.vidourle.com\/web\/wp-json\/wp\/v2\/pages\/8"}],"wp:attachment":[{"href":"https:\/\/www.vidourle.com\/web\/wp-json\/wp\/v2\/media?parent=208"}],"curies":[{"name":"wp","href":"https:\/\/api.w.org\/{rel}","templated":true}]}}