{"id":153,"date":"2012-09-18T18:44:10","date_gmt":"2012-09-18T17:44:10","guid":{"rendered":"http:\/\/www.vidourle.com\/test\/?page_id=153"},"modified":"2012-09-18T18:44:10","modified_gmt":"2012-09-18T17:44:10","slug":"expertise-juridique","status":"publish","type":"page","link":"https:\/\/www.vidourle.com\/web\/expertises\/expertise-juridique\/","title":{"rendered":"Expertise Juridique"},"content":{"rendered":"\n<figure class=\"wp-block-image alignleft size-thumbnail\"><img loading=\"lazy\" decoding=\"async\" width=\"150\" height=\"150\" src=\"https:\/\/www.vidourle.com\/web\/wp-content\/uploads\/2012\/09\/expert_3-150x150.jpg\" alt=\"\" class=\"wp-image-270\" title=\"Expertise juridique\" srcset=\"https:\/\/www.vidourle.com\/web\/wp-content\/uploads\/2012\/09\/expert_3-150x150.jpg 150w, https:\/\/www.vidourle.com\/web\/wp-content\/uploads\/2012\/09\/expert_3-300x300.jpg 300w, https:\/\/www.vidourle.com\/web\/wp-content\/uploads\/2012\/09\/expert_3-100x100.jpg 100w, https:\/\/www.vidourle.com\/web\/wp-content\/uploads\/2012\/09\/expert_3.jpg 450w\" sizes=\"(max-width: 150px) 100vw, 150px\" \/><\/figure>\n\n\n\n<p>L&rsquo;expertise Juridique peut exister sur mandat d&rsquo;une instance judiciaire. Elle r\u00e9pond a des all\u00e9gu\u00e9s pos\u00e9s par les parties en cause.<\/p>\n\n\n\n<p>Ce genre d&rsquo;expertise sera \u00e0 caract\u00e8re:<\/p>\n\n\n\n<ul>\n<li>technique,<\/li>\n<\/ul>\n\n\n\n<ul>\n<li>\u00e9conomique ou<\/li>\n\n\n\n<li>g\u00e9n\u00e9raux sur des sujets concernant le b\u00e2ti.<\/li>\n<\/ul>\n\n\n\n<p>L&rsquo;expertise juridique peut \u00e9galement \u00eatre une analyse pour un priv\u00e9 ou une association, concernant :<\/p>\n\n\n\n<ul>\n<li>l&rsquo;\u00e9tat actuel&nbsp; juridique d&rsquo;un Bien immobilier,<\/li>\n\n\n\n<li>lors d&rsquo;un changement de propri\u00e9taire,<\/li>\n\n\n\n<li>d&rsquo;une hoirie,<\/li>\n\n\n\n<li>d&rsquo;une succession,<\/li>\n\n\n\n<li>d&rsquo;un changement quant \u00e0 la zone de construction,<\/li>\n\n\n\n<li>&nbsp;d&rsquo;un changement quant \u00e0 l\u2019environnement urbain d&rsquo;un Bien immobilier .<\/li>\n<\/ul>\n\n\n\n<p>Vidourle ing\u00e9nierie sa est \u00e0 m\u00eame de par son exp\u00e9rience de r\u00e9pondre \u00e0 toute demande concernant ce domaine d&rsquo;analyse.<\/p>\n","protected":false},"excerpt":{"rendered":"<p>L&rsquo;expertise Juridique peut exister sur mandat d&rsquo;une instance judiciaire. Elle r\u00e9pond a des all\u00e9gu\u00e9s pos\u00e9s par les parties en cause. Ce genre d&rsquo;expertise sera \u00e0 caract\u00e8re: L&rsquo;expertise juridique peut \u00e9galement \u00eatre une analyse pour un priv\u00e9 ou une association, concernant : Vidourle ing\u00e9nierie sa est \u00e0 m\u00eame de par son exp\u00e9rience de r\u00e9pondre \u00e0 toute [&hellip;]<\/p>\n","protected":false},"author":2,"featured_media":0,"parent":10,"menu_order":0,"comment_status":"closed","ping_status":"closed","template":"","meta":{"_uag_custom_page_level_css":"","site-sidebar-layout":"default","site-content-layout":"","ast-site-content-layout":"default","site-content-style":"default","site-sidebar-style":"default","ast-global-header-display":"","ast-banner-title-visibility":"","ast-main-header-display":"","ast-hfb-above-header-display":"","ast-hfb-below-header-display":"","ast-hfb-mobile-header-display":"","site-post-title":"","ast-breadcrumbs-content":"","ast-featured-img":"","footer-sml-layout":"","theme-transparent-header-meta":"","adv-header-id-meta":"","stick-header-meta":"","header-above-stick-meta":"","header-main-stick-meta":"","header-below-stick-meta":"","astra-migrate-meta-layouts":"default","ast-page-background-enabled":"default","ast-page-background-meta":{"desktop":{"background-color":"","background-image":"","background-repeat":"repeat","background-position":"center center","background-size":"auto","background-attachment":"scroll","background-type":"","background-media":"","overlay-type":"","overlay-color":"","overlay-opacity":"","overlay-gradient":""},"tablet":{"background-color":"","background-image":"","background-repeat":"repeat","background-position":"center center","background-size":"auto","background-attachment":"scroll","background-type":"","background-media":"","overlay-type":"","overlay-color":"","overlay-opacity":"","overlay-gradient":""},"mobile":{"background-color":"","background-image":"","background-repeat":"repeat","background-position":"center center","background-size":"auto","background-attachment":"scroll","background-type":"","background-media":"","overlay-type":"","overlay-color":"","overlay-opacity":"","overlay-gradient":""}},"ast-content-background-meta":{"desktop":{"background-color":"var(--ast-global-color-5)","background-image":"","background-repeat":"repeat","background-position":"center center","background-size":"auto","background-attachment":"scroll","background-type":"","background-media":"","overlay-type":"","overlay-color":"","overlay-opacity":"","overlay-gradient":""},"tablet":{"background-color":"var(--ast-global-color-5)","background-image":"","background-repeat":"repeat","background-position":"center center","background-size":"auto","background-attachment":"scroll","background-type":"","background-media":"","overlay-type":"","overlay-color":"","overlay-opacity":"","overlay-gradient":""},"mobile":{"background-color":"var(--ast-global-color-5)","background-image":"","background-repeat":"repeat","background-position":"center center","background-size":"auto","background-attachment":"scroll","background-type":"","background-media":"","overlay-type":"","overlay-color":"","overlay-opacity":"","overlay-gradient":""}},"footnotes":""},"uagb_featured_image_src":{"full":false,"thumbnail":false,"medium":false,"medium_large":false,"large":false,"1536x1536":false,"2048x2048":false},"uagb_author_info":{"display_name":"guyot","author_link":"https:\/\/www.vidourle.com\/web\/author\/guyot\/"},"uagb_comment_info":0,"uagb_excerpt":"L&rsquo;expertise Juridique peut exister sur mandat d&rsquo;une instance judiciaire. Elle r\u00e9pond a des all\u00e9gu\u00e9s pos\u00e9s par les parties en cause. Ce genre d&rsquo;expertise sera \u00e0 caract\u00e8re: L&rsquo;expertise juridique peut \u00e9galement \u00eatre une analyse pour un priv\u00e9 ou une association, concernant : Vidourle ing\u00e9nierie sa est \u00e0 m\u00eame de par son exp\u00e9rience de r\u00e9pondre \u00e0 toute\u2026","_links":{"self":[{"href":"https:\/\/www.vidourle.com\/web\/wp-json\/wp\/v2\/pages\/153"}],"collection":[{"href":"https:\/\/www.vidourle.com\/web\/wp-json\/wp\/v2\/pages"}],"about":[{"href":"https:\/\/www.vidourle.com\/web\/wp-json\/wp\/v2\/types\/page"}],"author":[{"embeddable":true,"href":"https:\/\/www.vidourle.com\/web\/wp-json\/wp\/v2\/users\/2"}],"replies":[{"embeddable":true,"href":"https:\/\/www.vidourle.com\/web\/wp-json\/wp\/v2\/comments?post=153"}],"version-history":[{"count":0,"href":"https:\/\/www.vidourle.com\/web\/wp-json\/wp\/v2\/pages\/153\/revisions"}],"up":[{"embeddable":true,"href":"https:\/\/www.vidourle.com\/web\/wp-json\/wp\/v2\/pages\/10"}],"wp:attachment":[{"href":"https:\/\/www.vidourle.com\/web\/wp-json\/wp\/v2\/media?parent=153"}],"curies":[{"name":"wp","href":"https:\/\/api.w.org\/{rel}","templated":true}]}}